 Let s = i - p. Is s a composite number?
False
Let v be (14/(-42))/(1/9). Let x be v*3/(-18)*2. Is 0 - -1 - x - -139 prime?
True
Let b = 44 - 37. Suppose b*u - 1348 = 3*u. Is u composite?
False
Let d be -11 - 3/((-6)/2). Let a = -4 - d. Let g(w) = w**3 - 2*w**2 - 3*w - 3. Is g(a) a composite number?
True
Let t be (3/(-2))/((-19)/38). Let g(a) = 21*a**2 + a + 2 + 4 - 7. Is g(t) a prime number?
True
Let v = 69 + -116. Suppose -z = -3*r - 0*z + 511, 5*r - z - 851 = 0. Let h = v + r. Is h composite?
True
Let q(w) = 2*w**3 + 2*w**2 - 10*w + 1. Is q(25) a composite number?
False
Suppose -x + 0*x + 2 = 0. Suppose -2*y = -x*r + 7876, 0*r - 4*y - 11809 = -3*r. Is r a prime number?
True
Let h = 12 + -12. Suppose y - 1 - 1 = h. Suppose -k = -g + 331, y*g + 6*k = 2*k + 686. Is g prime?
False
Suppose g + j + 53 + 28 = 0, 0 = -g - 5*j - 93. Let q be 12/3*(-230)/(-8). Let b = g + q. Is b a prime number?
True
Suppose -3*x + 2*l + 5 = -32, -4*l = 3*x - 7. Suppose 5*b - 7 = 4*c, -5*c + x = -1. Suppose -f = j - 141, b*f - 283 + 3 = -2*j. Is j a prime number?
False
Let l = 53 + -75. Let d = l - -27. Suppose 0*q + q + 1 = 0, 4*t - 1297 = d*q. Is t prime?
False
Let i(a) = -14*a**3 - 4*a**2 + 17*a + 27. Is i(-8) a prime number?
True
Suppose 0 = 5*t + 2*a - 31, -1 + 2 = -t + 2*a. Suppose 794 = -q + 4*q + t*h, -5*q + 5*h + 1310 = 0. Is q prime?
True
Suppose 2*b = -4*v - 4, 5*b + 5*v = -4 + 14. Let u be -2 + -1 - (b - 6). Is (-1 + 0)*(u - 16) a prime number?
True
Suppose 2822 + 3249 = n - 3*t, 3*n + 5*t = 18185. Is n a prime number?
False
Let y be (-2 - 27/(-12))*452. Suppose 3*n + 2*n + 2*z = 210, 5*z + y = 2*n. Suppose -3*o - 89 = -2*i + n, -i - o = -54. Is i a prime number?
True
Let n be 11 - (-6 + 13) - (0 - -4). Suppose 33*q - 29*q - 6052 = n. Is q prime?
False
Let v = -6925 + 14694. Is v composite?
True
Suppose -2*j = -k - 20, -3*k - 18 = -3*j + 9. Let x = -6 + j. Suppose 84 = -n + 3*q + 238, -824 = -x*n - 3*q. Is n a prime number?
True
Let k be ((-24)/(-2) + -2)*(-2)/(-1). Suppose k = -5*a, -2*c + 0*a + 126 = 2*a. Is c a prime number?
True
Suppose -6*g + 2*g - 16 = 0. Let x be 666*(-3)/(g - -1). Suppose z - o - 233 = 96, -2*o = 2*z - x. Is z a prime number?
True
Let a(x) = 3*x + 6. Let u be a(-7). Is (u/(-12))/5 + 5030/8 composite?
True
Suppose -8 - 16 = -3*x. Let m be 12/3*554/x. Suppose -4*r + 2*g + 206 = 0, 6*g - m = -5*r + 2*g. Is r composite?
False
Let d(y) = 30*y**2 - 4*y + 41. Is d(9) prime?
False
Let a(l) = 35*l. Let c be a(3). Suppose 5*k + c = 370. Is k prime?
True
Let y = 95 + -85. Is (-6)/(-15) - (-6)/y*371 a composite number?
False
Is (-1 + 3)/(3/6) - -1573 composite?
True
Let m(c) = 122*c + 123. Is m(7) a composite number?
False
Let m = 5366 + -2339. Is m a composite number?
True
Suppose -6*z + 1444 = q + 165, 3803 = 3*q + z. Is q a prime number?
False
Let s be (-2)/(-4)*(-3417 + (2 - 1)). Let t = 2615 + s. Is t a composite number?
False
Let w(g) = -153*g - 8 + 41*g - 168*g - 28. Let z(c) = -93*c - 12. Let t(p) = 2*w(p) - 7*z(p). Is t(5) prime?
True
Suppose 2 + 6 = 4*r. Let t(l) = 0*l**r - 4*l**3 - 2 - l - 3*l**2 + 1. Is t(-4) prime?
True
Let t(g) = -3*g**3 + 7*g**2 + 4*g + 10. Let d be t(-5). Let f = d - 61. Is f composite?
False
Let n(t) = 3*t**3 + 14*t**2 - 34*t + 73. Is n(16) a composite number?
False
Let o be 86/18 + (-4)/(-18). Suppose -4*j = -0*j + o*s - 26, 18 = 3*j + 3*s. Let n(f) = 13*f**2 - 3. Is n(j) a composite number?
True
Let y = 2 + 3. Suppose -u + q - 247 + 1055 = 0, -y*u - 3*q = -4016. Suppose 0 = -2*g - 3*g + u. Is g prime?
False
Let w = -2231 - -4840. Is w composite?
False
Let q = -11 - -3. Is q/28 - 12249/(-21) composite?
True
Suppose 0 = 5*z - 2*s - 62347, -11*z + 3*s - 12483 = -12*z. Is z composite?
True
Suppose 4*p + 3*k = 34031 - 3123, 4*k = 0. Is p a composite number?
False
Suppose -796*x - 123295 = -801*x. Is x composite?
False
Let l(s) = -s**2 + 16*s + 3. Let o be l(16). Suppose -o*w - 596 = -7*w. Is w prime?
True
Let l(g) = 1037*g**2 + 7*g + 19. Is l(-2) prime?
True
Suppose -2 = -p - 4. Let s(r) be the third derivative of r**5/6 + r**4/24 + r**3/6 - 2*r**2. Is s(p) a prime number?
False
Let j(z) = 8370*z - 169. Is j(10) a prime number?
False
Let a(u) = 21*u**2 - 5*u - 2. Let s be a(5). Suppose 2*q - 212 = s. Is q prime?
False
Let c = -39 - -111. Let y = -209 - -174. Let j = y + c. Is j a prime number?
True
Let f(j) = 25*j**2 + 10*j + 8. Suppose t - b = 7, 5*t + b - 23 = -0*t. Is f(t) a prime number?
True
Let n = -22 + 23. Let x(t) = 674*t**2 + t - 2. Is x(n) a composite number?
False
Suppose 3512 = -4*z - 4*z. Let d = -165 - z. Is d a prime number?
False
Suppose 0 = -21*o + 35101 + 19730. Is o a prime number?
False
Let q = 18243 - 9070. Is q a prime number?
True
Suppose 0 = h, -w + h + 1 - 2 = 0. Let t be w/(-1)*-1*-5. Suppose t*m + k - 1058 = 0, 877 = 3*m - 3*k + 253. Is m a prime number?
True
Let a be (-77)/22*(-3 + 1). Let l(n) = -9*n**2 - 11*n - 9. Let k(c) = 19*c**2 + 23*c + 17. Let b(s) = -4*k(s) - 9*l(s). Is b(a) composite?
False
Is 1/(-8 + (-37865)/(-4733)) a composite number?
False
Is -6 + 21 - -988 - -1*6 composite?
False
Let y(m) = m + 3. Let t be y(-1). Suppose -2*a + 2*u = -38, a + 2*u - 17 = 4*u. Suppose -25 - a = -t*d. Is d a composite number?
False
Suppose -4*o + 67476 = -5*r, 9*o + 3*r = 5*o + 67476. Is o prime?
False
Let u be -86 + (-8 - (-12)/3). Let r = 175 + u. Is r a composite number?
True
Suppose 0 = -20*p + 27*p - 18949. Is p a prime number?
True
Suppose 1071 = 2*a - 229. Suppose 3*g = 5*n - 1627, 2*n + 0*n - a = g. Is n a composite number?
True
Suppose -2*i + 7*i = 425. Suppose m = 3*v + i + 103, -4*m + 4*v = -792. Is m a prime number?
False
Let k = -110332 - -268775. Is k a prime number?
True
Suppose -2*s - 497 = 5*s. Let r = s + 202. Is r a composite number?
False
Let j = 15224 - 10581. Is j a prime number?
True
Let j = -12822 + 22725. Is j a prime number?
False
Let x(t) = 1474*t**3 - 1. Let h be x(-1). Let s = -214 - h. Is s a prime number?
False
Let u be 4 - (-3)/(1 + 2). Suppose 0 = -u*b - b + 18. Is 94*b/(-4 + 10) prime?
True
Suppose -u = -3*o - 3*u - 31, -3*o = 5*u + 46. Let l = -3 - o. Is (6/l)/((-21)/(-476)) prime?
False
Let t(n) = 292*n**2 + 2*n - 2. Let z be (-204)/(-30) + (-12)/15. Let u(f) = -292*f**2 - 3*f + 2. Let q(m) = z*t(m) + 5*u(m). Is q(-1) a composite number?
False
Let l(x) = -x**3 - 10*x**2 - x + 1. Let i be l(-10). Let u be (-10 + i)/((-2)/(-34)). Let k = u - -80. Is k composite?
False
Suppose -5*c = 5*t - 2*t - 181, -179 = -3*t - 4*c. Let d(q) = -2*q - 2. Let y be d(-8). Let x = t - y. Is x a prime number?
True
Let b be (13 - 11)/((-2)/(-5)). Suppose 5*s - 2136 = 3*u, 3*u - u - 422 = -s. Suppose h + h = -b*o + 1023, -5*h + s = 2*o. Is o prime?
False
Let f(a) = -979*a - 549. Is f(-52) a composite number?
False
Is ((-22)/10)/((-4)/49960*2) composite?
True
Suppose 0 = 49*j - 45*j - 167556. Is j composite?
True
Suppose 0 = -3*y - 0 + 3. Let r be 0 - y/(3/(-4440)). Suppose -3*o + r = o - 4*d, 4*o = -d + 1455. Is o prime?
False
Let o be (422/5)/(34/85). Let p = -122 + o. Suppose p = 3*k - 562. Is k prime?
False
Suppose -b + 1250 = -6*b. Suppose 5*z = -1202 + 387. Let j = z - b. Is j composite?
True
Is 199101/76*8/6 a prime number?
False
Suppose 18*z - 21*z = 0. Suppose z = 3*h + 188 - 935. Is h prime?
False
Suppose -2*b + 7*b = 4*z + 13543, -10818 = -4*b - 5*z. Is b a prime number?
True
Suppose 4*u + 4*t = 2*t + 18, 5*u - 4*t - 42 = 0. Suppose -3*h + 10 = 2*q, -5*q + h = -u - 2. Is (q/(-8))/(9/(-2988)) composite?
False
Suppose 3*f + 4*u = 423, 2*f + 7*u - 4*u = 282. Let h = f - 74. Is h a composite number?
False
Let o be -3 + 38/7 - (-12)/21. Suppose 2*x - 7*x = -15. Is x - (-199 + o + -4) prime?
False
Let c = -38 - -40. Let l(o) = -57*o**2 + 6*o - 1. Let n(q) = -56*q**2 + 5*q - 1. Let t(g) = 2*l(g) - 3*n(g). Is t(c) a prime number?
True
Suppose -5*g + 5*l + 51975 = 0, -2*l + 5*l = 2*g - 20794. Is g prime?
True
Let n(d) = -d + 5. Let x be n(-3). Let b(c) = -19*c**2 + 3 + 10*c**2 + 11*c**2 - x*c**3. Is b(-3) a prime number?
False
Suppose -5*j + 755 = -0*j. Suppose 5*g = -p + j, -2*p + 98 = 4*g - 216. Is p a composite number?
True
Let s(n) = -n**3 - 9*n**2 - 10*n - 10. Let x be s(-7). Let k = 48 + x. Is k a prime number?
False
Let q(w) = -w**2 - w + 1. Let t(g) = 5*g**2 + 2